= l - 3*f. Calculate the highest common divisor of 15 and l.
5
Suppose -4*s - 138 = 2*f, -3*s + f - 117 = -2*f. Let p = s - -77. What is the highest common factor of p and 41?
41
Suppose 0 = o + 2*o - 9. Let g(y) = o + 15*y + 11*y + 0*y + 10*y. Let i be g(4). Calculate the highest common divisor of 21 and i.
21
Let h = 18 - 32. Let i = h + 24. Let m(f) = -35*f. Let u be m(-2). Calculate the highest common divisor of i and u.
10
Let d(w) = 9*w**2 - 4*w + 6. Let k(m) = 10*m**2 - 5*m + 7. Let t(r) = 6*d(r) - 5*k(r). Let j be t(-1). Calculate the greatest common factor of j and 10.
2
Let z = -498 - -525. Calculate the highest common factor of 135 and z.
27
Let m = 66 + -60. Let l = 19 - -47. What is the highest common factor of m and l?
6
Suppose -2*c - 420 = -16*c. Calculate the highest common factor of c and 210.
30
Suppose 3*t - 4*i + 0*i - 72 = 0, -4*i - 24 = -t. Suppose -5*f - 2 = 13. Let y be (-4)/f*(-72)/(-32). What is the highest common factor of t and y?
3
Suppose -31*h + 478 + 1909 = 0. What is the highest common factor of h and 88?
11
Let h(l) = -73*l - 4. Let p(c) = -2*c**2 - 44*c - 3. Let z be p(-22). Let o be h(z). What is the highest common factor of o and 43?
43
Suppose 7*v - 3*v - 84 = 0. Let o be 78/21 - (-6)/v. Let u be (3 - o) + 2 + 21. What is the highest common factor of u and 44?
22
Let b = 1073 + -1067. Calculate the highest common factor of b and 21.
3
Let w be (-2)/(-4) + 33/6. Let l be -2 + 210/8 + 5/(-20). Suppose -5*d = -d - l. Calculate the greatest common factor of d and w.
6
Let z(p) = p**3 - 14*p**2 - 15*p + 30. Let y be z(15). What is the greatest common factor of 75 and y?
15
Let x be 20/(-4) - (-3 - 32). Suppose -8*y = -4*y - 40. Calculate the highest common factor of y and x.
10
Suppose 5*g = -k + 91, -g + 479 = 5*k - 0*g. Let j = k - 56. Let w(s) = s**3 + 2*s**2 - 3*s. Let b be w(2). Calculate the highest common divisor of b and j.
10
Suppose -5*m = -2*b - 51, -39 + 0 = -3*m - 3*b. Let n = -135 + 234. What is the greatest common factor of n and m?
11
Suppose -2*h = 5*g - 43, -3*h + 11 + 58 = 3*g. Let o(k) = -k**2 + 24*k + 31. Let x be o(h). Calculate the highest common factor of x and 279.
31
Let f = -247 + 252. What is the greatest common divisor of 55 and f?
5
Let q be (300/42)/(4/28). Let j = 15 - 5. Calculate the highest common divisor of q and j.
10
Let k(g) = 34*g - 20. Let b be k(1). Calculate the highest common factor of b and 4.
2
Suppose 0 = 26*s - 14*s - 240. Let r(u) = 1881*u. Let q(b) = -47*b. Let o(p) = -81*q(p) - 2*r(p). Let i be o(4). What is the greatest common divisor of i and s?
20
Let h = -65 - -51. Let i be h*3/(-6)*2. Calculate the greatest common divisor of 35 and i.
7
Suppose -4*l = 5*d - 13 - 1, 2*l = 5*d - 38. Let z = -20 - -25. Suppose 12 = 3*i + z*j, i + 8 = 3*i - j. What is the greatest common divisor of i and d?
2
Let w be 3/(3/(-2))*-18. Let q = 5 + -3. Suppose -f + w = -q*o, -153 = -2*f - 3*f + o. What is the highest common factor of 15 and f?
15
Let z = 5 + -2. Let i(j) = 12*j + 1. Let l be i(z). Let t = l + -13. Calculate the highest common divisor of t and 6.
6
Suppose -4*l - 820 = -4*y, -l + 395 = -3*y + 5*y. Suppose 5*w - 125 = -0*w. What is the highest common divisor of w and y?
25
Let r(b) = 4*b**2 + 41*b + 84. Let o be r(-2). Calculate the greatest common divisor of 342 and o.
18
Let s be 19/5 + (-46)/(-230). Let c(p) = -p**3 - 3*p**2 - p - 1. Let g be c(-3). Calculate the greatest common factor of g and s.
2
Let r(p) = p**2 - 4*p + 13. Let z(w) = -w + 9. Let d be z(4). Let o be r(d). Suppose o*k + 42 = 20*k. Calculate the greatest common factor of 3 and k.
3
Suppose 0 = 4*x - 7*x + 87. Calculate the highest common divisor of x and 87.
29
Let r(p) = -p - 4. Let v be r(-7). Let y be 21/v + 0/(-2). Let s be (-4)/10 - (-951)/15. What is the greatest common factor of s and y?
7
Let j(u) = 2*u**2 + 2*u - 7. Let n be j(-3). Let a = n - 7. Let f be ((-84)/(0 + a))/2. Calculate the greatest common factor of f and 84.
21
Let s be ((-11)/3 + 1)/((-18)/189). What is the highest common factor of s and 826?
14
Suppose -3*o - 108 = -12*o. Let w = o + 2. Calculate the greatest common divisor of w and 14.
14
Let o = -37 - -5. Let d = -25 - o. Calculate the highest common divisor of d and 63.
7
Let x = 1269 + -898. Calculate the greatest common factor of x and 106.
53
Let u(m) = 2*m**3 - 8*m**2 - 6*m + 9. Let q be u(6). What is the highest common factor of q and 9?
9
Let j = 2 - 0. Let n be (-178)/(-11) - j/11. Let s = 212 + -100. Calculate the greatest common factor of n and s.
16
Suppose -p - x = -28, 4*x + 63 + 14 = 3*p. Suppose -3*d - 1 = -28. What is the highest common divisor of p and d?
9
Let x be 6/10 - 26/(-65). What is the greatest common divisor of 9 and x?
1
Suppose -12*j + 466 - 10 = 0. Calculate the greatest common factor of 418 and j.
38
Let d = 12 - 10. Suppose d*z - 2*b - 80 = z, 5*z + 2*b = 340. Let w = 165 - z. What is the greatest common divisor of 19 and w?
19
Let a(g) = -6*g**2 + 13*g. Let k be a(2). Calculate the greatest common divisor of k and 2.
2
Let u = -13 + 3. Let l(w) = -w**2 - 13*w - 6. Let p be l(u). What is the highest common divisor of p and 16?
8
Suppose j - 6*j = 15. Let a be 275 + j/(6/(-4)). Suppose 4*z - 5*y = a, -3*y - 123 = -4*z + 144. What is the highest common factor of z and 7?
7
Let y = 181 - 173. What is the greatest common divisor of 36 and y?
4
Let v(j) = j**2 - 2*j - 10. Let g = -10 + 20. Let x be v(g). Let t = x - 46. Calculate the highest common factor of 12 and t.
12
Let o(s) = s**3 - s**2. Let n be o(2). Suppose 650 = n*f + 9*f. Calculate the highest common divisor of 25 and f.
25
Let x = 15 + 128. Calculate the highest common divisor of x and 22.
11
Suppose 190 = 54*n - 35*n. Let x(f) = -f**2 - 13*f - 2. Let c be x(-11). Calculate the highest common factor of n and c.
10
Suppose -9*d - 1071 = -2853. Calculate the greatest common factor of 22 and d.
22
Let o = 106 - 46. Calculate the greatest common divisor of 240 and o.
60
Let i(u) = u**3 + 19*u**2 + 12*u + 10. Let d be i(-5). Calculate the highest common factor of d and 120.
60
Suppose -3454 + 139 = -65*v. What is the greatest common divisor of 1479 and v?
51
Let n(a) = -8*a - 94. Let d be n(-24). Calculate the greatest common divisor of 14 and d.
14
Let c be 65 + 1 + (2 - (6 + -9)). What is the greatest common factor of 2343 and c?
71
Suppose -4*n + 3*y + 96 = 0, 2*n - 25 = -4*y + 1. Calculate the greatest common factor of 56 and n.
7
Suppose i = k - 3 - 1, 4*k = -i + 21. Let l be 2/4*26 + i. Suppose 6*y - 5*y - 42 = 0. What is the greatest common divisor of y and l?
14
Suppose 2*h = 21 + 13. Suppose 4*k = -2*p + 22, -k + 2*p + 2*p - h = 0. Suppose -8*v + 660 = -k*v. Calculate the highest common factor of v and 12.
12
Let r(d) = 16*d - 1. Let o(w) = w. Let i(u) = -6*o(u) + r(u). Let m be i(3). Let y = 125 - 96. Calculate the highest common factor of y and m.
29
Suppose 2*r + 385 - 1681 = 0. Suppose d - r = -8*d. What is the highest common divisor of 8 and d?
8
Let x = 1097 + -1087. Let f = -16 - -11. Let i = f + 25. What is the greatest common divisor of i and x?
10
Suppose 365 = -2*p + 423. Calculate the highest common factor of p and 116.
29
Suppose 2*r - 1485 = -9*r. What is the greatest common factor of r and 45?
45
Let z(u) = 2*u**2 - u + 6 + 2*u - 5. Let i be z(2). What is the highest common divisor of 55 and i?
11
Let f(o) = 3*o - 1. Let i be 1*(1 - -1) - 1. Let g be f(i). Suppose 308 = 4*r + g*q, 23 = -4*r - 4*q + 339. Calculate the highest common factor of r and 15.
15
Let y be 150/100*1*(-60)/(-3). Calculate the greatest common divisor of 6 and y.
6
Suppose 46*u + 1804 = 4564. What is the highest common divisor of 276 and u?
12
Suppose 0 = b - 3*h - 63 + 21, -b = -h - 38. Let l = b + 20. Calculate the highest common divisor of 14 and l.
14
Suppose -p - 110 = -6*p + 4*x, -5*x - 25 = 0. Let s = 412 - 340. Calculate the greatest common factor of s and p.
18
Let a = 13 + 78. Let g = a + -87. What is the highest common divisor of g and 36?
4
Let x(g) = g**2 - 5*g - 5. Let n be x(7). Let r be (-28)/126 + 542/n. Calculate the greatest common factor of r and 30.
30
Let i = 3 + 5. Suppose i*u = 12*u - 576. Suppose 2*s = 49 - 13. What is the highest common divisor of u and s?
